).
-3
Let n(c) be the first derivative of -c**4/4 - c**3/3 - c**2/2 - 15*c - 1. Let y(t) = -t**2 + 34*t - 93. Let k be y(3). Calculate n(k).
-15
Let y(q) = -18*q - 115*q - 2 + 110*q. Determine y(3).
-71
Let t(n) be the third derivative of 0 - 1/2*n**3 - 6*n**2 + 1/3*n**4 + 1/120*n**6 - 3*n - 7/60*n**5. What is t(6)?
9
Suppose -133 = 5*u + m, 14 = -u + 2*m - 6. Let l be (-6)/39 + -1 + (-4)/u. Let y(s) = -15*s - 2. Calculate y(l).
13
Let i(p) = 9*p - 432. Let x(w) = 25*w - 1191. Let t(m) = -11*i(m) + 4*x(m). Suppose -2*g + 25 = -7*g, -2*y + 2*g = -40. Calculate t(y).
3
Let c(g) = g**2 - 8*g - 2. Suppose -32*o + 29*o - 21 = 0. Let p(t) = -20*t - 131. Let i be p(o). Calculate c(i).
7
Let v be -1 + 4/2 - 5. Let d(z) = 8 - z**2 - 9 + 12 + 8*z - 9 - 9*z. Determine d(v).
-10
Let p(l) be the second derivative of -l**5/20 + 5*l**3/6 - 5*l**2/2 + 4*l - 211. Calculate p(3).
-17
Let d(f) = -2*f**3 - 3*f**2 - 5*f. Let x(b) = b**3 + b**2 + 3*b + 1. Let l be 3 + -2 + 21/28*4. Let h(u) = l*d(u) + 7*x(u). Give h(-5).
2
Suppose -2*a - 25 = -3*r, -122*a + 4*r + 20 = -126*a. Let q(j) = 6*j + 24. Determine q(a).
-24
Let d(l) = -2*l + 45. Let k be d(21). Let s(p) = -k - p**2 + 3. Let i be 3 + 2/(-2)*5. Calculate s(i).
-4
Let n be ((846/8)/3)/((-3)/(-20)). Let f(d) = -434*d + n*d + 217*d. Determine f(1).
18
Let s(q) be the third derivative of q**6/120 - q**5/10 + q**4/24 + q**3/2 - 103*q**2. Suppose -20*n + 7*n = -78. Give s(n).
9
Let m(f) be the third derivative of -7*f**4/24 - 5*f**3/3 + 13*f**2 - 3. Let h(t) = -6*t - 7. Let c(a) = -3*h(a) + 2*m(a). Determine c(-2).
-7
Let p(t) be the third derivative of -1/2*t**3 - 317*t**2 + 0 - 1/3*t**4 + 0*t + 1/60*t**5. Give p(8).
-3
Let t(u) = -3*u + 7 + 11*u - 7*u. Let s = 19734 - 19743. Calculate t(s).
-2
Let d(t) = 4*t + 1. Suppose -16 = -3*s - 5*h, 8*h + 10 = s + 12*h. Suppose y - 15 = -4*v, s*y - v = 3*y - 6. Determine d(y).
13
Let v(p) = 5*p + 27. Let x be 7/1 - 4/(-28)*-77. Give v(x).
7
Let r(a) be the first derivative of -a**2/2 - 27*a - 1427. Give r(-13).
-14
Let m(h) = h**2 + 5*h - 6. Let p = 32 + -30. Suppose -2*k + 0*k - 22 = 3*q, -p*q + 5*k = 2. Determine m(q).
0
Let n = 2 - 5. Let b = n - -10. Let x(o) = 19*o**2 - 9*o + 5. Let s(p) = 108*p**2 - 54*p + 29. Let y(l) = -3*s(l) + 17*x(l). What is y(b)?
12
Let k(s) = -575*s**2 - 576*s**2 + 1150*s**2 + 6. Suppose -4*r = -2*x + 26, 6*r = 2*r + 5*x - 41. Calculate k(r).
-10
Suppose 4*n + 16 = -z, -3*z - 10 = 2*n - 2*z. Let s = n + 7. Let r(d) = 10*d**2 + s + 9*d + 1 + d**3 - 1 + d. Calculate r(-9).
-5
Let v(q) = 2009 + 2013 - 6020 + q**3 - 5*q**2 - 5*q + 2003. Suppose -13 = -2*z - 3. Calculate v(z).
-20
Let l(x) = -2*x - 4. Suppose 71*u = 64*u - 7. Give l(u).
-2
Suppose -3 = -4*q + 5*b + 10, -3 = 3*b. Let o(w) be the third derivative of -5*w**4/6 + w**3/6 + 206*w**2. Give o(q).
-39
Let x(n) = 52*n - 10181. Let c be x(196). Let f(h) be the second derivative of -h**4/12 + 11*h**3/6 + h**2 - h. Determine f(c).
2
Let a(j) = -43*j + 161. Let d be a(-10). Let q = 587 - d. Let l(s) = s + 2. Determine l(q).
-2
Let p(n) be the third derivative of -n**5/60 - n**4/3 - 5*n**3/6 - 88*n**2 - 6*n. Let w be 1 - (-8)/((-4)/(-4)). Let k = 3 - w. Calculate p(k).
7
Let y(w) = w**3 + 4*w**2 - 2*w + 11. Suppose -15*n + 13*n + 3*g = -2, -30 = 2*n + 5*g. Calculate y(n).
-4
Let w = 8917 + -8905. Let g(f) = f**3 - 10*f**2 - 27*f + 34. What is g(w)?
-2
Let h(w) = -w - 5 + 6 + 6 - 2*w. Let q(p) = 7*p - 15. Let g(y) = 5*h(y) + 2*q(y). Determine g(5).
0
Let q(z) = z + 4. Let d be q(-9). Let a = -1 + d. Let n(x) = -2*x**2 + x - 2. Let u(k) = 7*k**2 + 2*k + 1. Let l(f) = 3*n(f) + u(f). Calculate l(a).
1
Let b be 10/(-35)*-1*14. Let q(s) be the second derivative of -s**3/6 - s**2 - 24*s. Give q(b).
-6
Let u(m) = 7*m + 10. Let n be u(10). Let h be -5*1*(-32)/n. Suppose -10*g + h*g = -40. Let t(k) = -k + 6. What is t(g)?
1
Let j(i) = -4*i**2 - 4*i - 3. Let k be (-46)/(-69) + 104/6. Let m(p) = 12 - 11*p + k*p - 12*p - p**2. Let t be m(2). Give j(t).
-11
Suppose 142*l = 293*l + 383*l - 10680. Let s(m) = -m + 41. Give s(l).
21
Let t(w) = 62*w**2 + 24*w. Let j(g) = 45*g**2 + 18*g. Let s(h) = -11*j(h) + 8*t(h). What is s(-5)?
55
Suppose -76*t + 643 = -22 - 19. Let n(j) = -4*j**2 + 29*j + 47. What is n(t)?
-16
Let y(x) = 7*x**2 - 1. Let k be (2/16)/((-12)/(-2592)*27). Determine y(k).
6
Let z(v) = -35*v + 3 - 2*v**2 + 87*v + 0 - 41*v + 16. What is z(9)?
-44
Let p(a) be the first derivative of a**4/4 + 2*a**3 - 7*a**2/2 - 2*a - 1. Suppose -1460 = 212*n - 2117 + 2141. Calculate p(n).
-2
Let l(h) = 4*h - 37*h**2 - 7*h - 3 - 11*h. Let f(o) = -13*o**2 - 5*o - 1. Let s(v) = -17*f(v) + 6*l(v). Give s(0).
-1
Let j = -129 + 133. Let g(c) = 3*c**3 - 9*c**2 - 4*c + 12. Let f(i) = -i**3 + 3*i**2 + i - 4. Let x(r) = -11*f(r) - 4*g(r). What is x(j)?
0
Let g(q) = 216*q - 465*q + 250*q + 9. Let r be -5 - -7 - (-1 + 3). Calculate g(r).
9
Let g(d) = -8*d - 7. Let o be g(7). Let r = -57 - o. Suppose 14*z = r*z + 64. Let q(c) = c**2 - 7*c - 6. What is q(z)?
2
Let a be 6/10*3*(-10)/(-9). Let q(t) be the first derivative of 4*t - 2*t**a - 2/3*t**3 + 9 + 1/4*t**4. What is q(3)?
1
Suppose 12*y + 17 = 17. Let w(i) be the second derivative of -i + 0*i**2 + 1/3*i**3 - 1/3*i**4 + y. What is w(2)?
-12
Let o(d) = 29 + d**2 - 66*d + 75*d - 27. Give o(-4).
-18
Let q = 23 - 20. Let h(v) = -v**2 + 4*v**3 + 1 - q*v**3 + 9 + 0*v + v. Let j be 264/(-68) + 22/(-187) + 4. Calculate h(j).
10
Suppose -170*r + 54 = -116*r. Let g(d) = -48*d + 53. Calculate g(r).
5
Let f = 5284 + -5272. Let j(o) be the first derivative of 6*o + f - 1/3*o**3 + 7/2*o**2. What is j(5)?
16
Suppose -2*s + 8 = -5*k, 22 = 6*s - 4*s + 2*k. Let t(w) = -109 + s*w + 40 + w**2 + 34 + 43. Let o(n) = -3*n + 3. Let z be o(3). Determine t(z).
-10
Suppose -a + 5*i - 2*i = -12, -5*i - 20 = 0. Suppose -4*o - x - x - 16 = a, -5*x = 0. Let c(g) = 2*g + 4. Give c(o).
-4
Let m be (0 - -1)*1*(4 - -1). Suppose 4*n = m*c - 37, 3*c = -3*n + 7 - 1. Let f be -2*c/(-40)*4. Let k(u) = -6*u + 1. Give k(f).
-5
Let b(z) be the third derivative of -z**5/20 + z**4/12 + z**3/2 - 67*z**2 + 5*z. Calculate b(-2).
-13
Let r(h) = -13*h - h**2 - 15*h - 11*h + 44*h - 6. Let s = -344 - -349. Give r(s).
-6
Let o(b) be the second derivative of -b**5/60 - b**4/4 - 13*b**3/6 + 6*b**2 - 80*b. Let x(w) be the first derivative of o(w). What is x(-9)?
-40
Let j = -147 - -152. Suppose j*d = -22 - 13. Let l(i) = i + 14. Calculate l(d).
7
Let m = 180 - 178. Let p(k) = 3 + 2 + 27*k - 33*k + k**m. Give p(5).
0
Let w(p) = p**3 + 6*p**2 + p - 6. Let h be (12/4 - 3) + -95. Let x = 78 + h. Let r = -23 - x. Determine w(r).
-12
Let d(f) = 2*f**3 + 3*f**2 - 2*f. Let j be -200 + (6 - 17 - -7). Let b = -207 - j. Determine d(b).
-21
Let a(g) be the first derivative of g**3 - 3*g**2 - 8*g + 609. Suppose -2*n - 6 = n. Let q(k) = -7*k**2 + 12*k + 17. Let f(x) = n*q(x) - 5*a(x). What is f(6)?
6
Suppose -4*f + x + 23 = -7*f, 5*f - 4*x + 10 = 0. Let y(t) = 4*t - 7. Let r(b) = -b - 16 + 13*b - 3*b + 0. Let q(u) = f*r(u) + 13*y(u). Calculate q(6).
-7
Let u(p) = p**3 + 8*p**2 + 3*p - 18. Let d = -9690 + 9683. What is u(d)?
10
Let d(q) be the first derivative of -3*q**2/2 - 50548. Let w = 2 - 2. Let m = -2 + w. Determine d(m).
6
Suppose -79*u + 59*u = 0. Let j(i) = -i**2 + i - 3. Let q(a) = -a**2 + a - 4. Let h(p) = 5*j(p) - 4*q(p). Determine h(u).
1
Let t(g) be the third derivative of g**4/6 + 13*g**3/2 + 8883*g**2. Give t(-14).
-17
Suppose -2*r + 410 - 424 = 0. Let d(t) = 2*t**2 + 14*t + 5. Let g be d(r). Let l(c) = 6 - 2*c - 2 + 3 - 2. What is l(g)?
-5
Let w be 2/(-18) + (-640)/72 + 15. Let x(m) = 5*m - 20. Calculate x(w).
10
Let u = -42 - -42. Suppose g - 5*o + 6 = u, 19 = 4*g + 2*o - 1. Suppose 0 = g*d - 2*d + 4*p, 4*d + 24 = -2*p. Let t(s) = s + 5. Calculate t(d).
-3
Let g(k) = -21 + 0 - 4*k + 3*k. Let b(d) = -d - 14. Suppose 4563 - 4547 = 2*o. Let m(i) = o*b(i) - 5*g(i). What is m(-5)?
8
Let y = -1029 + 1034. Let d(f) = -4*f**2 + 1. What is d(y)?
-99
Let u(t) = -2 + 4*t - 6 + 8. Let l(q) = -11 + q + 6 + 7 - 2. Let k(x) = -12*l(x) + 4*u(x). Determine k(-1).
-4
Suppose -3*y + 0*y = 15. Let d(b) be the third derivative of -5*b**4/24 + 7*b**3/6 + 16*b**2 + 710*b. Give d(y).
32
Let o(y) = -5 - y - 11 - 5 + 18. Let n(x) = 12*x + 28. Let b(z)